{"id":15,"date":"2016-04-08T15:18:32","date_gmt":"2016-04-08T14:18:32","guid":{"rendered":"https:\/\/the7.io\/coffee\/?page_id=2"},"modified":"2023-12-11T15:42:00","modified_gmt":"2023-12-11T18:42:00","slug":"home","status":"publish","type":"page","link":"https:\/\/koprum.com.br\/","title":{"rendered":"Home"},"content":{"rendered":"<div class=\"wpb-content-wrapper\"><p>[vc_row content_placement=&#8221;top&#8221; bg_type=&#8221;bg_color&#8221; type=&#8221;vc_default&#8221; css=&#8221;.vc_custom_1701984270162{padding-bottom: 30px !important;}&#8221; el_id=&#8221;sobre&#8221; bg_color_value=&#8221;#ffffff&#8221;][vc_column width=&#8221;2\/3&#8243; offset=&#8221;vc_col-lg-offset-0 vc_col-lg-6 vc_col-md-offset-0 vc_col-md-6 vc_col-sm-offset-2 vc_col-xs-offset-2 vc_col-xs-8 vc_hidden-xs&#8221; css=&#8221;.vc_custom_1525528924256{padding-bottom: 10px !important;}&#8221;][vc_row_inner][vc_column_inner width=&#8221;1\/2&#8243; offset=&#8221;vc_col-lg-6 vc_col-md-6 vc_col-xs-6&#8243; css=&#8221;.vc_custom_1525455360873{padding-right: 10px !important;padding-bottom: 20px !important;}&#8221;][vc_single_image image=&#8221;643&#8243; img_size=&#8221;800\u00d7540&#8243; alignment=&#8221;center&#8221; css=&#8221;.vc_custom_1700471970040{padding-bottom: 20px !important;}&#8221;][vc_single_image image=&#8221;644&#8243; img_size=&#8221;800 \u00d7 540&#8243; alignment=&#8221;center&#8221;][\/vc_column_inner][vc_column_inner width=&#8221;1\/2&#8243; offset=&#8221;vc_col-lg-offset-0 vc_col-lg-6 vc_col-md-offset-0 vc_col-md-6 vc_col-sm-offset-0 vc_col-xs-6&#8243; css=&#8221;.vc_custom_1700472867117{padding-top: 20px !important;padding-left: 10px !important;}&#8221;][vc_single_image image=&#8221;652&#8243; img_size=&#8221;550 \u00d7 786&#8243; alignment=&#8221;center&#8221;][\/vc_column_inner][\/vc_row_inner][\/vc_column][vc_column offset=&#8221;vc_col-lg-6 vc_col-md-6 vc_col-xs-12&#8243;]<div id=\"ultimate-heading-949969e35014733b3\" class=\"uvc-heading ult-adjust-bottom-margin ultimate-heading-949969e35014733b3 uvc-485 \" data-hspacer=\"no_spacer\"  data-halign=\"left\" style=\"text-align:left\"><div class=\"uvc-heading-spacer no_spacer\" style=\"top\"><\/div><div class=\"uvc-main-heading ult-responsive\"  data-ultimate-target='.uvc-heading.ultimate-heading-949969e35014733b3 h2'  data-responsive-json-new='{\"font-size\":\"desktop:27px;\",\"line-height\":\"desktop:32px;\"}' ><h2 style=\"font-weight:bold;margin-bottom:20px;\">Reciclagem de fios e cabos de cobre<\/h2><\/div><\/div>[vc_column_text]A Koprum realiza a reciclagem de cabos e fios de cobre e alum\u00ednio, atrav\u00e9s de maquin\u00e1rios de \u00faltima gera\u00e7\u00e3o, separando estes produtos dos demais componentes que constituem os cabos e fios, tais como, ferros e pl\u00e1sticos. A empresa comercializa todo o material proveniente da reciclagem, atendendo as especifica\u00e7\u00f5es de seus clientes de acordo com sua demanda e entregando produtos de qualidade e livre de impurezas.[\/vc_column_text]<div id=\"ultimate-heading-836769e350147340e\" class=\"uvc-heading ult-adjust-bottom-margin ultimate-heading-836769e350147340e uvc-4347 \" data-hspacer=\"no_spacer\"  data-halign=\"left\" style=\"text-align:left\"><div class=\"uvc-heading-spacer no_spacer\" style=\"top\"><\/div><div class=\"uvc-main-heading ult-responsive\"  data-ultimate-target='.uvc-heading.ultimate-heading-836769e350147340e h2'  data-responsive-json-new='{\"font-size\":\"desktop:27px;\",\"line-height\":\"desktop:32px;\"}' ><h2 style=\"font-weight:bold;margin-bottom:20px;\">Realizamos compras e vendas de:<\/h2><\/div><\/div>[vc_column_text css=&#8221;.vc_custom_1702320118123{padding-bottom: 30px !important;}&#8221;]<\/p>\n<ul>\n<li>Sucata de Alum\u00ednio<\/li>\n<li>Sucata de Fios e Cabos de Alum\u00ednio<\/li>\n<li>Sucata de Perfil de Alum\u00ednio<\/li>\n<li>Tarugo de Alum\u00ednio<\/li>\n<li>Sucata de Cobre\n<ul>\n<li>Entre outros<\/li>\n<\/ul>\n<\/li>\n<\/ul>\n<p>[\/vc_column_text][\/vc_column][\/vc_row][vc_row gap=&#8221;30&#8243; equal_height=&#8221;yes&#8221; bg_type=&#8221;bg_color&#8221; bg_override=&#8221;ex-full&#8221; el_id=&#8221;produtos&#8221; el_class=&#8221;custom-columns-gap custom-mobile-paddings&#8221; css=&#8221;.vc_custom_1700944705089{padding-top: 50px !important;padding-bottom: 70px !important;}&#8221; bg_color_value=&#8221;#f5f5f5&#8243;][vc_column]<div id=\"ultimate-heading-888969e3501473446\" class=\"uvc-heading ult-adjust-bottom-margin ultimate-heading-888969e3501473446 uvc-5085 \" data-hspacer=\"no_spacer\"  data-halign=\"center\" style=\"text-align:center\"><div class=\"uvc-heading-spacer no_spacer\" style=\"top\"><\/div><div class=\"uvc-main-heading ult-responsive\"  data-ultimate-target='.uvc-heading.ultimate-heading-888969e3501473446 h2'  data-responsive-json-new='{\"font-size\":\"desktop:35px;\",\"line-height\":\"desktop:40px;\"}' ><h2 style=\"font-weight:bold;color:#000000;margin-bottom:4px;\">A Koprum comercializa sucatas de alum\u00ednio e cobre que atendem as mais variadas especifica\u00e7\u00f5es do mercado, sempre com produtos de qualidade e livre de impurezas.<\/h2><\/div><\/div>[\/vc_column][vc_column width=&#8221;1\/2&#8243; css=&#8221;.vc_custom_1700938333757{padding-top: 0px !important;padding-right: 0px !important;padding-bottom: 0px !important;padding-left: 0px !important;background-color: #ffffff !important;}&#8221;][vc_single_image image=&#8221;671&#8243; img_size=&#8221;full&#8221; alignment=&#8221;center&#8221;][vc_empty_space height=&#8221;15px&#8221;][vc_column_text css=&#8221;.vc_custom_1700937046942{padding-right: 30px !important;padding-left: 30px !important;}&#8221;]O Cobre e suas ligas s\u00e3o o terceiro metal mais utilizado no mundo. Suas principais caracter\u00edsticas s\u00e3o elevadas condutibilidade el\u00e9trica e t\u00e9rmica, resist\u00eancia \u00e0 corros\u00e3o e facilidade de fabrica\u00e7\u00e3o, aliadas a elevadas resist\u00eancias mec\u00e2nicas e \u00e0 fadiga. Seu campo de aplica\u00e7\u00f5es se estende a praticamente todos os segmentos de ind\u00fastrias:<\/p>\n<ul>\n<li>Maior versatilidade no projeto<\/li>\n<li>Boa resist\u00eancia \u00e0 corros\u00e3o<\/li>\n<li>Alta rela\u00e7\u00e3o ruptura\/peso<\/li>\n<li>Acess\u00f3rios mais simples<\/li>\n<li>Alta resist\u00eancia \u00e0 flu\u00eancia<\/li>\n<li>Reduz as perdas<\/li>\n<\/ul>\n<p>[\/vc_column_text][\/vc_column][vc_column width=&#8221;1\/2&#8243; css=&#8221;.vc_custom_1700937009700{padding-top: 0px !important;padding-right: 0px !important;padding-bottom: 0px !important;padding-left: 0px !important;background-color: #ffffff !important;}&#8221;][vc_single_image image=&#8221;670&#8243; img_size=&#8221;full&#8221; alignment=&#8221;center&#8221;][vc_empty_space height=&#8221;15px&#8221;][vc_column_text css=&#8221;.vc_custom_1700937054346{padding-right: 30px !important;padding-left: 30px !important;}&#8221;]A flexibilidade na utiliza\u00e7\u00e3o de condutores com a liga de Al 6201 possibilita projetos de linhas de transmiss\u00e3o e distribui\u00e7\u00e3o com caracter\u00edsticas otimizadas de resist\u00eancia mec\u00e2nica e condutividade requeridas. \u00c9 uma op\u00e7\u00e3o bastante interessante que deve ser analisada cuidadosamente para se obter as seguintes vantagens:<\/p>\n<ul>\n<li>Maior versatilidade no projeto<\/li>\n<li>Boa resist\u00eancia \u00e0 corros\u00e3o<\/li>\n<li>Alta rela\u00e7\u00e3o ruptura\/peso<\/li>\n<li>Acess\u00f3rios mais simples<\/li>\n<li>Alta resist\u00eancia \u00e0 flu\u00eancia<\/li>\n<li>Reduz as perdas<\/li>\n<\/ul>\n<p>[\/vc_column_text][\/vc_column][\/vc_row][vc_row css=&#8221;.vc_custom_1700944842099{padding-bottom: 60px !important;}&#8221; el_id=&#8221;contato&#8221;][vc_column]<div id=\"ultimate-heading-999769e3501473475\" class=\"uvc-heading ult-adjust-bottom-margin ultimate-heading-999769e3501473475 uvc-4953 \" data-hspacer=\"no_spacer\"  data-halign=\"center\" style=\"text-align:center\"><div class=\"uvc-heading-spacer no_spacer\" style=\"top\"><\/div><div class=\"uvc-main-heading ult-responsive\"  data-ultimate-target='.uvc-heading.ultimate-heading-999769e3501473475 h2'  data-responsive-json-new='{\"font-size\":\"desktop:35px;\",\"line-height\":\"desktop:40px;\"}' ><h2 style=\"font-weight:bold;color:#000000;margin-bottom:4px;\">Realizamos a compra e venda de sucatas e compra de fios e cabos de alum\u00ednio e cobre.<\/h2><\/div><\/div>[\/vc_column][vc_column width=&#8221;1\/2&#8243; css=&#8221;.vc_custom_1700945000533{padding-right: 30px !important;padding-left: 30px !important;}&#8221;]<div id=\"ultimate-video-197469e35014734d6\" class=\"ult-video  vc_custom_1700939163589 ult-adjust-bottom-margin ultimate-video-197469e35014734d6 ultv-1759 \"><div class=\"ultv-video ultv-aspect-ratio-16_9 ultv-subscribe-responsive-none\" data-videotype=\"uv_iframe\">\n\t\t\t\t\t\t<div class=\"ultv-video__outer-wrap\" data-autoplay=\"0\" data-device=\"false\"  data-iconbg=\"#3A3A3A\" data-overcolor=\"\" data-defaultbg=\"#1f1f1e\" data-defaultplay=\"defaulticon\"><div class=\"ultv-video__play\" data-src=\"https:\/\/www.youtube.com\/embed\/lIcpTm70Ags?rel=0&amp;start&amp;end&amp;controls=1&amp;mute=0&amp;modestbranding=0&amp;autoplay=1\">\n\t\t\t\t\t\t\t\t<img decoding=\"async\" class=\"ultv-video__thumb\" src=\"https:\/\/i.ytimg.com\/vi\/lIcpTm70Ags\/maxresdefault.jpg\"\/>\n\t\t\t\t\t\t\t\t<div class=\"ultv-video__play-icon  ultv-animation-none\" style=\"width:75px\"><svg height=\"100%\" version=\"1.1\" viewBox=\"0 0 68 48\" width=\"100%\"><path class=\"ultv-youtube-icon-bg\" d=\"m .66,37.62 c 0,0 .66,4.70 2.70,6.77 2.58,2.71 5.98,2.63 7.49,2.91 5.43,.52 23.10,.68 23.12,.68 .00,-1.3e-5 14.29,-0.02 23.81,-0.71 1.32,-0.15 4.22,-0.17 6.81,-2.89 2.03,-2.07 2.70,-6.77 2.70,-6.77 0,0 .67,-5.52 .67,-11.04 l 0,-5.17 c 0,-5.52 -0.67,-11.04 -0.67,-11.04 0,0 -0.66,-4.70 -2.70,-6.77 C 62.03,.86 59.13,.84 57.80,.69 48.28,0 34.00,0 34.00,0 33.97,0 19.69,0 10.18,.69 8.85,.84 5.95,.86 3.36,3.58 1.32,5.65 .66,10.35 .66,10.35 c 0,0 -0.55,4.50 -0.66,9.45 l 0,8.36 c .10,4.94 .66,9.45 .66,9.45 z\" fill=\"#1f1f1e\" ><\/path><path d=\"m 26.96,13.67 18.37,9.62 -18.37,9.55 -0.00,-19.17 z\" fill=\"#fff\"><\/path><path d=\"M 45.02,23.46 45.32,23.28 26.96,13.67 43.32,22.34 45.02,23.46 z\" fill=\"#ccc\"><\/path><\/svg><\/div> <\/div> <\/div><\/div><\/div><div class=\"uavc-list-icon uavc-list-icon-wrapper ult-adjust-bottom-margin   \"><ul class=\"uavc-list\"><li><div class=\"uavc-list-content\" id=\"list-icon-wrap-9763\">\n<div class=\"uavc-list-icon  \" data-animation=\"\" data-animation-delay=\"03\" style=\"margin-right:10px;\"><div class=\"ult-just-icon-wrapper  \"><div class=\"align-icon\" style=\"text-align:center;\">\n<div class=\"aio-icon none \"  style=\"color:#e8b143;font-size:15px;display:inline-block;\">\n\t<i class=\"fas fa-check-circle\"><\/i>\n<\/div><\/div><\/div>\n<\/div><span  data-ultimate-target='#list-icon-wrap-9763 .uavc-list-desc'  data-responsive-json-new='{\"font-size\":\"\",\"line-height\":\"\"}'  class=\"uavc-list-desc ult-responsive\" style=\"\">Industrializa\u00e7\u00e3o, log\u00edstica e processamento de sucatas de fios e cabos de cobre e alum\u00ednio.<\/span><\/div><\/li><li><div class=\"uavc-list-content\" id=\"list-icon-wrap-8678\">\n<div class=\"uavc-list-icon  \" data-animation=\"\" data-animation-delay=\"03\" style=\"margin-right:10px;\"><div class=\"ult-just-icon-wrapper  \"><div class=\"align-icon\" style=\"text-align:center;\">\n<div class=\"aio-icon none \"  style=\"color:#e8b143;font-size:15px;display:inline-block;\">\n\t<i class=\"fas fa-check-circle\"><\/i>\n<\/div><\/div><\/div>\n<\/div><span  data-ultimate-target='#list-icon-wrap-8678 .uavc-list-desc'  data-responsive-json-new='{\"font-size\":\"\",\"line-height\":\"\"}'  class=\"uavc-list-desc ult-responsive\" style=\"\">Solu\u00e7\u00e3o completa para sucatas com retorno da materia prima ap\u00f3s o processamento.<\/span><\/div><\/li><li><div class=\"uavc-list-content\" id=\"list-icon-wrap-2599\">\n<div class=\"uavc-list-icon  \" data-animation=\"\" data-animation-delay=\"03\" style=\"margin-right:10px;\"><div class=\"ult-just-icon-wrapper  \"><div class=\"align-icon\" style=\"text-align:center;\">\n<div class=\"aio-icon none \"  style=\"color:#e8b143;font-size:15px;display:inline-block;\">\n\t<i class=\"fas fa-check-circle\"><\/i>\n<\/div><\/div><\/div>\n<\/div><span  data-ultimate-target='#list-icon-wrap-2599 .uavc-list-desc'  data-responsive-json-new='{\"font-size\":\"\",\"line-height\":\"\"}'  class=\"uavc-list-desc ult-responsive\" style=\"\">Realiza\u00e7\u00e3o de coleta e entrega de sucatas em todo pa\u00eds<\/span><\/div><\/li><li><div class=\"uavc-list-content\" id=\"list-icon-wrap-9835\">\n<div class=\"uavc-list-icon  \" data-animation=\"\" data-animation-delay=\"03\" style=\"margin-right:10px;\"><div class=\"ult-just-icon-wrapper  \"><div class=\"align-icon\" style=\"text-align:center;\">\n<div class=\"aio-icon none \"  style=\"color:#e8b143;font-size:15px;display:inline-block;\">\n\t<i class=\"fas fa-check-circle\"><\/i>\n<\/div><\/div><\/div>\n<\/div><span  data-ultimate-target='#list-icon-wrap-9835 .uavc-list-desc'  data-responsive-json-new='{\"font-size\":\"\",\"line-height\":\"\"}'  class=\"uavc-list-desc ult-responsive\" style=\"\">Produtos com garantia, qualidade e livre de impurezas<\/span><\/div><\/li><li><div class=\"uavc-list-content\" id=\"list-icon-wrap-9295\">\n<div class=\"uavc-list-icon  \" data-animation=\"\" data-animation-delay=\"03\" style=\"margin-right:10px;\"><div class=\"ult-just-icon-wrapper  \"><div class=\"align-icon\" style=\"text-align:center;\">\n<div class=\"aio-icon none \"  style=\"color:#e8b143;font-size:15px;display:inline-block;\">\n\t<i class=\"fas fa-check-circle\"><\/i>\n<\/div><\/div><\/div>\n<\/div><span  data-ultimate-target='#list-icon-wrap-9295 .uavc-list-desc'  data-responsive-json-new='{\"font-size\":\"\",\"line-height\":\"\"}'  class=\"uavc-list-desc ult-responsive\" style=\"\">Atua\u00e7\u00e3o no mercado nacional e internacional.<\/span><\/div><\/li><\/ul><\/div>[\/vc_column][vc_column width=&#8221;1\/2&#8243;]\n<div class=\"wpcf7 no-js\" id=\"wpcf7-f684-o1\" lang=\"pt-BR\" dir=\"ltr\">\n<div class=\"screen-reader-response\"><p role=\"status\" aria-live=\"polite\" aria-atomic=\"true\"><\/p> <ul><\/ul><\/div>\n<form action=\"\/index.php?rest_route=%2Fwp%2Fv2%2Fpages%2F15#wpcf7-f684-o1\" method=\"post\" class=\"wpcf7-form init\" aria-label=\"Formul\u00e1rios de contato\" novalidate=\"novalidate\" data-status=\"init\">\n<div style=\"display: none;\">\n<input type=\"hidden\" name=\"_wpcf7\" value=\"684\" \/>\n<input type=\"hidden\" name=\"_wpcf7_version\" value=\"5.9.3\" \/>\n<input type=\"hidden\" name=\"_wpcf7_locale\" value=\"pt_BR\" \/>\n<input type=\"hidden\" name=\"_wpcf7_unit_tag\" value=\"wpcf7-f684-o1\" \/>\n<input type=\"hidden\" name=\"_wpcf7_container_post\" value=\"0\" \/>\n<input type=\"hidden\" name=\"_wpcf7_posted_data_hash\" value=\"\" \/>\n<\/div>\n<p><span class=\"wpcf7-form-control-wrap\" data-name=\"nome\"><input size=\"40\" class=\"wpcf7-form-control wpcf7-text wpcf7-validates-as-required\" aria-required=\"true\" aria-invalid=\"false\" placeholder=\"Nome *\" value=\"\" type=\"text\" name=\"nome\" \/><\/span>\n<\/p>\n<p><span class=\"wpcf7-form-control-wrap\" data-name=\"email\"><input size=\"40\" class=\"wpcf7-form-control wpcf7-email wpcf7-text wpcf7-validates-as-email\" aria-invalid=\"false\" placeholder=\"E-mail *\" value=\"\" type=\"email\" name=\"email\" \/><\/span>\n<\/p>\n<p><span class=\"wpcf7-form-control-wrap\" data-name=\"empresa\"><input size=\"40\" class=\"wpcf7-form-control wpcf7-text wpcf7-validates-as-required\" aria-required=\"true\" aria-invalid=\"false\" placeholder=\"Empresa\" value=\"\" type=\"text\" name=\"empresa\" \/><\/span>\n<\/p>\n<p><span class=\"wpcf7-form-control-wrap\" data-name=\"telefone\"><input size=\"40\" class=\"wpcf7-form-control wpcf7-tel wpcf7-text wpcf7-validates-as-tel\" aria-invalid=\"false\" placeholder=\"Telefone\" value=\"\" type=\"tel\" name=\"telefone\" \/><\/span>\n<\/p>\n<p><span class=\"wpcf7-form-control-wrap\" data-name=\"mensagem\"><textarea cols=\"40\" rows=\"10\" class=\"wpcf7-form-control wpcf7-textarea\" aria-invalid=\"false\" placeholder=\"Mensagem\" name=\"mensagem\"><\/textarea><\/span>\n<\/p>\n<p><input class=\"wpcf7-form-control wpcf7-submit has-spinner\" type=\"submit\" value=\"Enviar\" \/>\n<\/p><div class=\"wpcf7-response-output\" aria-hidden=\"true\"><\/div>\n<\/form>\n<\/div>\n[\/vc_column][\/vc_row][vc_row full_width=&#8221;stretch_row&#8221; type=&#8221;vc_default&#8221; css=&#8221;.vc_custom_1701465122608{margin-bottom: -80px !important;padding-top: 30px !important;padding-bottom: 30px !important;background-color: #131313 !important;}&#8221; el_id=&#8221;rodape&#8221;][vc_column width=&#8221;1\/3&#8243; css=&#8221;.vc_custom_1460570841666{padding-bottom: 20px !important;}&#8221;][vc_column_text]<\/p>\n<h4>Telefone:<\/h4>\n<p>(31) 3356-3632<\/p>\n<p>[\/vc_column_text][\/vc_column][vc_column width=&#8221;1\/3&#8243;][vc_column_text]<\/p>\n<h4>Endere\u00e7o:<\/h4>\n<p>Rua Santiago Ballesteros 260<br \/>\nBairro Cinco &#8211; Contagem \/ MG[\/vc_column_text][\/vc_column][vc_column width=&#8221;1\/3&#8243;][vc_column_text]<\/p>\n<h4>Email:<\/h4>\n<p><a href=\"mailto:diretoria@koprum.com.br\">diretoria@koprum.com.br<\/a>[\/vc_column_text][\/vc_column][vc_column]<div id=\"ultimate-heading-448069e35014746fd\" class=\"uvc-heading ult-adjust-bottom-margin ultimate-heading-448069e35014746fd uvc-9177 \" data-hspacer=\"no_spacer\"  data-halign=\"center\" style=\"text-align:center\"><div class=\"uvc-heading-spacer no_spacer\" style=\"top\"><\/div><div class=\"uvc-main-heading ult-responsive\"  data-ultimate-target='.uvc-heading.ultimate-heading-448069e35014746fd h2'  data-responsive-json-new='{\"font-size\":\"desktop:15px;\",\"line-height\":\"desktop:22px;\"}' ><h2 style=\"--font-weight:theme;color:#a0a0a0;\">2023 Koprum. Todos os direitos reservados<\/h2><\/div><\/div>[\/vc_column][\/vc_row]<\/p>\n<\/div>","protected":false},"excerpt":{"rendered":"<p>[vc_row content_placement=&#8221;top&#8221; bg_type=&#8221;bg_color&#8221; type=&#8221;vc_default&#8221; css=&#8221;.vc_custom_1701984270162{padding-bottom: 30px !important;}&#8221; el_id=&#8221;sobre&#8221; bg_color_value=&#8221;#ffffff&#8221;][vc_column width=&#8221;2\/3&#8243; offset=&#8221;vc_col-lg-offset-0 vc_col-lg-6 vc_col-md-offset-0 vc_col-md-6 vc_col-sm-offset-2 vc_col-xs-offset-2 vc_col-xs-8 vc_hidden-xs&#8221; css=&#8221;.vc_custom_1525528924256{padding-bottom: 10px !important;}&#8221;][vc_row_inner][vc_column_inner width=&#8221;1\/2&#8243; offset=&#8221;vc_col-lg-6 vc_col-md-6 vc_col-xs-6&#8243; css=&#8221;.vc_custom_1525455360873{padding-right: 10px !important;padding-bottom: 20px !important;}&#8221;][vc_single_image image=&#8221;643&#8243; img_size=&#8221;800\u00d7540&#8243; alignment=&#8221;center&#8221; css=&#8221;.vc_custom_1700471970040{padding-bottom: 20px !important;}&#8221;][vc_single_image image=&#8221;644&#8243; img_size=&#8221;800 \u00d7 540&#8243; alignment=&#8221;center&#8221;][\/vc_column_inner][vc_column_inner width=&#8221;1\/2&#8243; offset=&#8221;vc_col-lg-offset-0 vc_col-lg-6 vc_col-md-offset-0 vc_col-md-6 vc_col-sm-offset-0 vc_col-xs-6&#8243; css=&#8221;.vc_custom_1700472867117{padding-top: 20px !important;padding-left: 10px !important;}&#8221;][vc_single_image image=&#8221;652&#8243; img_size=&#8221;550&hellip;<\/p>\n","protected":false},"author":1,"featured_media":0,"parent":0,"menu_order":0,"comment_status":"closed","ping_status":"closed","template":"template-microsite.php","meta":{"footnotes":""},"class_list":["post-15","page","type-page","status-publish","hentry","description-off"],"_links":{"self":[{"href":"https:\/\/koprum.com.br\/index.php?rest_route=\/wp\/v2\/pages\/15","targetHints":{"allow":["GET"]}}],"collection":[{"href":"https:\/\/koprum.com.br\/index.php?rest_route=\/wp\/v2\/pages"}],"about":[{"href":"https:\/\/koprum.com.br\/index.php?rest_route=\/wp\/v2\/types\/page"}],"author":[{"embeddable":true,"href":"https:\/\/koprum.com.br\/index.php?rest_route=\/wp\/v2\/users\/1"}],"replies":[{"embeddable":true,"href":"https:\/\/koprum.com.br\/index.php?rest_route=%2Fwp%2Fv2%2Fcomments&post=15"}],"version-history":[{"count":59,"href":"https:\/\/koprum.com.br\/index.php?rest_route=\/wp\/v2\/pages\/15\/revisions"}],"predecessor-version":[{"id":721,"href":"https:\/\/koprum.com.br\/index.php?rest_route=\/wp\/v2\/pages\/15\/revisions\/721"}],"wp:attachment":[{"href":"https:\/\/koprum.com.br\/index.php?rest_route=%2Fwp%2Fv2%2Fmedia&parent=15"}],"curies":[{"name":"wp","href":"https:\/\/api.w.org\/{rel}","templated":true}]}}